is the highest common divisor of 8774 and 178104?
82
What is the greatest common divisor of 10 and 46695?
5
Calculate the greatest common factor of 3616 and 6102.
226
What is the highest common factor of 45 and 2502?
9
Calculate the greatest common factor of 414 and 252.
18
What is the greatest common factor of 1460 and 11900?
20
Calculate the highest common divisor of 35 and 13202.
7
What is the highest common divisor of 79114 and 322?
14
What is the greatest common divisor of 656116 and 244?
244
What is the highest common factor of 41856 and 240?
48
Calculate the greatest common factor of 649 and 465805.
59
What is the greatest common factor of 207317 and 2585?
517
What is the highest common factor of 108 and 274212?
108
What is the highest common divisor of 13158 and 282?
6
Calculate the greatest common divisor of 489 and 32437.
163
What is the greatest common divisor of 255750 and 1815?
165
What is the greatest common divisor of 455582 and 631?
631
What is the highest common factor of 2044 and 115924?
292
Calculate the greatest common factor of 58 and 478.
2
Calculate the highest common factor of 540824 and 536.
536
Calculate the highest common divisor of 2121 and 530957.
707
Calculate the greatest common divisor of 31329 and 576.
9
Calculate the greatest common factor of 2687680 and 3405.
1135
Calculate the highest common divisor of 726 and 970299.
363
Calculate the greatest common divisor of 385 and 5797.
11
What is the highest common divisor of 2291 and 27413?
79
Calculate the greatest common divisor of 18 and 2952414.
18
What is the highest common factor of 361 and 15523?
361
What is the greatest common factor of 165088 and 402?
134
Calculate the greatest common factor of 7 and 27041.
7
What is the greatest common factor of 15296 and 15680?
64
Calculate the greatest common factor of 3000211 and 527.
527
What is the greatest common divisor of 1364 and 10956?
44
What is the highest common divisor of 2578803 and 9?
3
Calculate the highest common divisor of 184 and 83766.
46
What is the greatest common factor of 325530 and 1980?
90
Calculate the greatest common factor of 174 and 102747.
87
What is the highest common divisor of 22773 and 4?
1
Calculate the greatest common factor of 748 and 17534.
22
Calculate the greatest common divisor of 785106 and 630.
126
Calculate the highest common factor of 30 and 495435.
15
What is the highest common divisor of 2745 and 35505?
45
What is the greatest common divisor of 19447 and 32?
1
What is the greatest common divisor of 135759 and 39?
39
What is the highest common factor of 2298 and 1374?
6
Calculate the highest common factor of 2548 and 71942.
26
Calculate the highest common factor of 435220 and 18057.
463
Calculate the greatest common factor of 10596 and 4296.
12
What is the highest common divisor of 33 and 307659?
33
Calculate the highest common factor of 25286 and 2690.
538
Calculate the greatest common divisor of 18328 and 2088.
232
What is the greatest common divisor of 300 and 359300?
100
Calculate the greatest common factor of 462 and 776424.
66
What is the highest common factor of 18 and 23238?
18
Calculate the highest common factor of 340124 and 230.
46
Calculate the greatest common factor of 65489 and 3139.
43
Calculate the greatest common factor of 8712 and 372.
12
Calculate the highest common divisor of 301401 and 81.
81
Calculate the highest common divisor of 22268 and 152.
76
What is the greatest common factor of 301994 and 616?
154
Calculate the greatest common divisor of 9077 and 5634.
313
What is the highest common divisor of 321138 and 513?
513
Calculate the highest common factor of 39636 and 396.
36
What is the greatest common factor of 23218 and 30134?
494
Calculate the highest common divisor of 80 and 101980.
20
What is the greatest common factor of 611 and 574011?
47
What is the greatest common divisor of 26691 and 5740?
287
What is the highest common factor of 7971 and 6?
3
Calculate the greatest common divisor of 778179 and 141.
141
What is the highest common divisor of 237609 and 3519?
153
Calculate the greatest common factor of 790 and 25.
5
What is the greatest common factor of 9621 and 45?
9
What is the highest common factor of 61636 and 38?
38
What is the highest common factor of 44 and 629002?
22
Calculate the highest common factor of 4386 and 5049.
51
What is the highest common factor of 4 and 1417242?
2
What is the highest common divisor of 5730 and 5145?
15
What is the greatest common factor of 3558910 and 20?
10
What is the greatest common factor of 40 and 832?
8
What is the highest common divisor of 7485 and 38565?
15
Calculate the highest common divisor of 1744 and 1504.
16
What is the highest common factor of 99 and 649?
11
What is the highest common divisor of 742 and 2198?
14
Calculate the highest common factor of 120 and 45490.
10
What is the greatest common factor of 2612214 and 231?
33
What is the highest common divisor of 338 and 153959?
169
What is the highest common divisor of 423 and 1880?
47
What is the greatest common divisor of 114030 and 10?
10
What is the highest common factor of 1216 and 4923584?
1216
What is the highest common factor of 547982 and 1555?
311
Calculate the highest common factor of 32924 and 88.
4
Calculate the highest common divisor of 1 and 7681.
1
What is the greatest common divisor of 339 and 14351?
113
Calculate the greatest common factor of 10395 and 425.
5
What is the highest common factor of 827568 and 54?
18
What is the greatest common factor of 32 and 180136?
8
What is the greatest common factor of 5241 and 48?
3
What is the greatest common divisor of 35 and 13448995?
35
What is the highest common factor of 9291629 and 29?
29
What is the greatest common factor of 8470 and 444070?
1210
What is the highest common divisor of 144678 and 129?
3
What is the greatest common divisor of 40272 and 21552?
48
Calculate the greatest common factor of 405 and 7785.
45
What is the greatest common factor of 3732 and 300?
12
What is the highest common divisor of 360 and 18840?
120
Calculate the greatest common divisor of 115 and 5095.
5
Calculate the greatest common divisor of 15254 and 78374.
526
What is the greatest common divisor of 333 and 87357?
111
Calculate the highest common factor of 110 and 8635.
55
Calculate the greatest common divisor of 74 and 82.
2
What is the highest common divisor of 126 and 53662?
14
Calculate the greatest common divisor of 1014 and 610090.
338
What is the greatest common factor of 57 and 17993?
19
Calculate the highest common divisor of 29888 and 116.
4
What is the highest common divisor of 459832 and 64?
8
What is the greatest common divisor of 204 and 1082118?
102
Calculate the greatest common divisor of 3 and 233938.
1
What is the greatest common divisor of 150 and 52300?
50
Calculate the highest common factor of 416220 and 360.
60
What is the greatest common divisor of 367951 and 199?
199
What is the greatest common divisor of 242850 and 600?
150
Calculate the greatest common factor of 74872 and 29204.
196
Calculate the highest common divisor of 1139252 and 16.
4
Calculate the greatest common factor of 1 and 22490.
1
What is the highest common divisor of 4472393 and 1433?
1433
What is the greatest common divisor of 103463 and 157?
157
What is the greatest common divisor of 3705 and 1570179?
741
Calculate the highest common divisor of 1081632 and 152.
152
Calculate the highest common divisor of 4836810 and 20.
10
What is the greatest common divisor of 1405942 and 1136?
142
What is the highest common divisor of 60 and 6984?
12
Calculate the highest common divisor of 7464 and 1368.
24
What is the greatest common divisor of 984 and 435420?
492
What is the highest common divisor of 448 and 221956?
28
Calculate the highest common factor of 1209376 and 56.
56
Calculate the highest common divisor of 183427 and 194.
97
What is the highest common factor of 7923 and 12093?
417
What is the greatest common divisor of 220 and 186220?
20
What is the highest common divisor of 2006186 and 3171?
1057
Calculate the highest common factor of 22 and 1716638.
22
Calculate the greatest common factor of 1710 and 882.
18
Calculate the highest common divisor of 352 and 859056.
176
Calculate the highest common divisor of 2